est common divisor of c and r.
22
Suppose 15*z + 2*z - 170 = 0. What is the highest common divisor of 205 and z?
5
Suppose 4*u + 134 = 71*u. Suppose 21 - 129 = -2*y - 4*b, 4*y - u*b = 236. What is the highest common factor of y and 1?
1
Let m = 72 + -52. Let r be (m/(-3))/((-6)/9). What is the highest common divisor of 50 and r?
10
Let c(w) be the first derivative of 2*w**3 + 7*w**2/2 + 7*w - 1. Let h = 6174 - 6178. Let p be c(h). Calculate the highest common divisor of 15 and p.
15
Suppose 3*c = -10*c + 910. Let f be c/3 + (-8)/6. Let u be f/14 + -1 - (-272)/14. What is the greatest common factor of u and 30?
10
Let r = -7833 - -8102. Calculate the highest common factor of 1 and r.
1
Suppose -66*z = -74*z + 240. Let a be 28 + -1 - (-30)/z. What is the highest common factor of 56 and a?
28
Suppose 0 = -x - 141 + 144. Suppose 181 = x*d - 152. Calculate the greatest common factor of 37 and d.
37
Suppose y = 1, 626 = 3*h - 3*y - 496. Suppose -17*z + 4*o = -20*z + 225, -h = -5*z - 5*o. Calculate the highest common divisor of z and 15.
15
Suppose -3 = 3*b, 0 = 10*j - 6*j + 3*b - 9. Suppose v + 2*y - 832 = -j*v, 414 = 2*v + 2*y. Calculate the greatest common factor of v and 19.
19
Let w be (-9*2/(-10))/((6900/1250)/46). Let u = 7 + -3. Suppose -f + 216 = 5*r - 379, -u*r + 500 = -4*f. What is the greatest common divisor of r and w?
15
Suppose 83*z - 442 - 388 = 0. What is the greatest common factor of 5880 and z?
10
Let k be (47 + 414/(-18))*(-3 + 38/8). What is the greatest common divisor of k and 154?
14
Let p(n) be the third derivative of -n**6/120 + n**5/20 - 5*n**4/24 + 11*n**3/3 - 3*n**2 + 2. Let a be p(3). Calculate the greatest common divisor of 119 and a.
7
Suppose -117 - 75 = -12*p. Let c be (-4)/(-14) + (-61)/(-7). Let v = -1 + c. Calculate the greatest common divisor of p and v.
8
Let y(z) = 2*z**2 - 54*z - 1155. Let n be y(43). What is the greatest common divisor of 325 and n?
13
Suppose 74*f = -63*f + 50*f + 48720. What is the highest common factor of 980 and f?
140
Suppose 4*z - 5*v - 738 = -203, 4*z - 550 = 2*v. What is the greatest common factor of z and 805?
35
Let q = 5853 - 5281. Calculate the greatest common divisor of q and 104.
52
Let a = -7045 + 7708. Calculate the greatest common factor of 17 and a.
17
Let n be (18 + -23 - -81) + 0 + -4. Suppose -5*k + 43 = -5*z - 82, -34 = 2*z + 2*k. Let d be -12*(z/12 + 1). Calculate the greatest common factor of d and n.
9
Suppose -5*c - 3*d + 235 = -0*d, -4*d = 4*c - 196. Suppose -10*s - c = -11*s. Calculate the greatest common factor of 308 and s.
44
Let m = 9205 + -8625. Calculate the highest common divisor of m and 1580.
20
Let x(y) be the second derivative of y**4/12 + 2*y**3 + 51*y**2/2 - 40*y. Let r be x(-5). Suppose -2*w + 8 = -w. What is the greatest common factor of w and r?
8
Let z = 2648 + -2633. Calculate the greatest common divisor of z and 2490.
15
Suppose 39 = 2*g + 5*t, 5*g + 467 = 2*t + 521. What is the greatest common divisor of g and 34764?
12
Suppose 0 = 3*h - 2*g + 3*g - 8314, -5*g = -4*h + 11098. Suppose -14*y + 23*y - h = 0. What is the greatest common factor of 84 and y?
28
Let s(i) = 137*i**2 + 5*i + 8. Let c be s(-1). Calculate the highest common factor of c and 25.
5
Suppose 2*p + 568 = -3*i + 2881, 5*i - 3839 = 2*p. Suppose -5*t = -3*f - i, 15*t + 611 = 19*t - f. What is the highest common factor of t and 38?
38
Suppose -15*k + 13*k = -70. Suppose -k*p + 53*p - 6732 = 0. Calculate the highest common divisor of p and 34.
34
Let x(j) = -2*j**2 + j - 3. Let u(w) = 3*w**2 - 3*w + 5. Let p(k) = -3*u(k) - 5*x(k). Let t be p(8). Calculate the greatest common divisor of t and 60.
12
Let c = 3360 - 2089. What is the highest common factor of c and 82?
41
Suppose -4*w - 16 = 16. Suppose 63*b = 1142 - 2593 - 1384. Let k be (w/6)/(12/b). What is the highest common factor of k and 40?
5
Suppose n + 5*z = 20, -13*z = -5*n - 12*z + 48. Let v be n/(-115) + 6096/276. Calculate the greatest common factor of 1 and v.
1
Let f(h) = 9*h**2 + 4*h + 12. Let v be f(-6). Let k = 925 - 405. Calculate the greatest common divisor of k and v.
104
Suppose -2*n + 2*f = -4*n - 2, n = -5*f + 19. Let g be 41 + 0 + n/3. What is the greatest common divisor of g and 52?
13
Suppose -5*a - 2*r + 93164 = 0, 18*r + 37274 = 2*a + 16*r. Calculate the highest common divisor of 14 and a.
14
Suppose -3*f = -3*g + 741, -3*g + 685 = -2*f - 55. What is the greatest common factor of 3321 and g?
123
Suppose 0 = 14*j - 5*j + 1701. Let t = j + 206. What is the greatest common factor of t and 119?
17
Let j be (-5 + (-95)/15)*3/(-2). Suppose -k + j = 3*s, -k = -5*s + 2*s + 1. Calculate the greatest common factor of k and 968.
8
Let a(v) = 15*v + 520. Let y be a(-34). Calculate the highest common divisor of y and 24730.
10
Let n = 391 - 262. Suppose 335 = -4*b + 507. Calculate the highest common divisor of n and b.
43
Let w(m) = m**3 + 29*m**2 + 139*m - 15. Let j be w(-11). Let s = j + -554. Calculate the greatest common factor of s and 120.
40
Let y = -143 - -600. Suppose -l = -2*w - 4*l + y, -1129 = -5*w - 3*l. What is the greatest common divisor of 14 and w?
14
Let r be (-38)/4*-38 + -1. Let l = -23421 - -23565. What is the greatest common factor of l and r?
72
Suppose 10 = 2*l - 0*l, 0 = -4*o - l + 1405. Let f = 622 - o. What is the greatest common divisor of f and 16?
16
Suppose 0*n - 4*n + 3*z + 62 = 0, 18 = n - 2*z. Let p = 19 - n. Suppose p*x + 220 = 5*k, k - x - 84 = -k. Calculate the greatest common divisor of k and 360.
40
Suppose -i - z + 386 = 0, -i - 5*z = -389 + 27. What is the highest common factor of i and 64?
8
Let m be 29/2 - (-60)/40. Let i(k) = -47*k + 73. Let c be i(-9). Calculate the greatest common divisor of c and m.
16
Let q(t) be the first derivative of -t**3/3 + 45*t - 5. Let h be q(0). Suppose 90 = 64*u - 59*u. Calculate the greatest common factor of h and u.
9
Let h(f) = f**3 + 27*f**2 + 3*f + 39. Let m be h(-27). Let c(l) = -11*l - 336. Let b be c(m). What is the greatest common divisor of b and 144?
18
Let y = 97 - -38. Suppose -w + 4*w = y. Calculate the highest common divisor of w and 390.
15
Let l be -20*8/(-24)*(-3)/(-4). Let b(j) = 2*j - 3. Let i be b(8). Let h = i - l. What is the highest common divisor of 1 and h?
1
Suppose -80*b = -824 + 24. Suppose 2*t - 5*t + 15 = 0. Suppose 0 = -2*o - 4, -3*i + o = -t*i + 178. Calculate the highest common factor of i and b.
10
Suppose m + 214 = w, 0*m = -4*w - 3*m + 842. Suppose 2*n + 60 = 5*t, 4*t + w = -5*n + t. Let p = 52 + n. What is the greatest common divisor of p and 108?
12
Let u(g) = -24*g - 94. Let n be u(-4). Suppose 6*l + 4*j - 68 = n*l, j = -4*l + 65. Suppose 4*k = 182 + 330. What is the greatest common divisor of k and l?
16
Let n = -61 + 91. Suppose 20*c = 10*c - 70. Let m be (4/(-28)*c)/(3/360). What is the greatest common factor of m and n?
30
Suppose 0 = -4*v - 4*l + 4, -3*v - l = -5*l - 10. Suppose 0 = 3*b - 12, 4*f + v*b - 3493 = -f. Calculate the highest common divisor of f and 41.
41
Suppose 3*n - 122 = 5*w, -3*n = -18*w + 16*w - 119. Let x be (-4466)/(-49) - 2/14. Calculate the highest common divisor of x and n.
13
Let c(t) = t**2 - 12*t + 3. Suppose 2*k - 25 + 1 = 0. Let x be c(k). Suppose x*m = -4*m + 56. Calculate the greatest common factor of m and 8.
8
Suppose -46*x + 45 = -37*x. Suppose -q = 5*z - 64, -q - 24 = -2*q + x*z. What is the highest common divisor of q and 16?
4
Let t(m) = 329*m + 3310. Let u be t(-8). Calculate the greatest common divisor of 66 and u.
6
Suppose -288*f - 671658 = -366*f. Calculate the greatest common factor of f and 79.
79
Suppose 0 = 12*k - 2*u - 176, -k - 3*u + 2 = -0*u. Calculate the greatest common divisor of k and 13762.
14
Let f(d) = 2*d**2 + 38*d + 292. Let j be f(-19). What is the highest common divisor of j and 2482?
146
Let k(n) = n**2 - 4*n + 7. Let s be k(3). Suppose -s*x + 35 = -29. Suppose -178 = -9*z - x. Calculate the greatest common divisor of z and 27.
9
Let j(b) = b**2 + 3*b + 2. Let a be j(-2). Suppose -5*v + 20 + 25 = a. Let l be (-9)/(35/v + -4). What is the greatest common divisor of l and 27?
27
Let r be (-211186)/(-322) - 1/(-7). Let l = -564 + r. Let b be 140/6 - (-1)/(-3). Calculate the greatest common factor of l and b.
23
Let b = -239 + 247. Let w be 6/(